t are the prime factors of p?
17
Let h = -8 + 93. List the prime factors of h.
5, 17
Suppose 5*a + 572 = 2*c, 0*c + 4*c - 1158 = 3*a. List the prime factors of c.
3, 97
Suppose -11 = -4*z - 3. Suppose -3*h + z*h = 4*w + 5, w = -3*h + 29. List the prime factors of h.
11
Let l(v) be the second derivative of v**4/4 + 4*v**3/3 + 4*v**2 + 4*v. List the prime factors of l(-5).
43
Suppose -d + 3 - 2 = i, -5*d - 3*i = 5. Let t = d - 0. Let r(g) = -g - 1. List the prime factors of r(t).
3
Let r = 4 + -1. Suppose -r*m + 15 = -36. What are the prime factors of m?
17
Let o = -13 - -16. Let m be (-2)/2*0*1. Suppose 33 = -m*v + o*v. List the prime factors of v.
11
Let y(j) = -j**3 + 11*j**2 - 13*j + 1. List the prime factors of y(9).
2, 23
Suppose -170 = -3*r - 2*r. What are the prime factors of r?
2, 17
What are the prime factors of (-2116)/(-36) + (-1)/((-9)/2)?
59
Suppose -f = -3*k - 76, -k - 28 = -2*f + f. What are the prime factors of 4/20 + k/(-5)?
5
Suppose -2*y + 28 = -0*y. List the prime factors of y.
2, 7
Let j = 39 + -10. What are the prime factors of j?
29
Let x(h) = 13*h + 2. List the prime factors of x(3).
41
Suppose 0 = -3*k + 6 + 87. Suppose -1 + k = 3*v. List the prime factors of v.
2, 5
Suppose 2*l - z = 10, -17 = l - 3*z + 8*z. Let m = 6 - l. Suppose -4*h = -2*v - 2 - 28, 0 = h - m*v - 20. What are the prime factors of h?
5
Let o(s) = -s**2 - s + 3. Let v be o(0). Suppose v*d + 0*u - 4*u - 46 = 0, 0 = 3*d - 3*u - 45. List the prime factors of d.
2, 7
Suppose -4*c = 5*p - 145 + 4, 2*c = -4*p + 78. Suppose -2 = -3*l - c. Let r = l + 17. What are the prime factors of r?
2
Let n(z) = 2*z**3 - 5*z**2 - 6*z - 6. List the prime factors of n(5).
89
Let w(q) = -q + 9. Suppose 0 = 5*y - 5*m - 25, -y = -3*y - m + 16. Let p be w(y). Suppose 8 = p*c + 2*i, 2*c - 4*i - 1 = i. List the prime factors of c.
3
Suppose 0*j - 10 = 5*j. Let l(m) = -m**3 - m**2 - 2*m - 1. What are the prime factors of l(j)?
7
Let s(r) = 5*r**2 + 2*r + 0*r**3 + r**3 - 12 + 0*r**2 - 5*r. List the prime factors of s(-5).
3
Suppose 2*d = -0*d - 16. What are the prime factors of d/(-12)*(-2 - -8)?
2
Suppose -4*v + 47 = -213. List the prime factors of v.
5, 13
Let g(i) = i**2 + 6*i + 1. Let h be g(-5). Let v = 0 - h. List the prime factors of v.
2
Suppose -3*l + 6*l = 4*s + 41, -2*l + 46 = -4*s. What are the prime factors of 6/(-4) - 63/s?
3
Let s(w) = -w**2 - 7*w - 5. Suppose -11 - 9 = 4*a. Let y be s(a). Suppose 2*b = y*b - 18. What are the prime factors of b?
2, 3
List the prime factors of 74/(3/4 - (-25)/20).
37
Let o(p) = 2*p + 2. Let k be o(2). Let r be k - (2 + -4)*-1. Suppose 0 = c + 2*v, r*c = -0*v + 2*v + 20. What are the prime factors of c?
2
Let g(i) be the third derivative of -i**6/120 - 7*i**5/30 - 17*i**4/24 - 3*i**3/2 - 4*i**2. List the prime factors of g(-13).
43
Suppose 2 = v - 5. Let q(l) = l**2 - 7*l + 2. Let k be q(v). Suppose -2*p = -p + 1, -9 = -k*a - p. List the prime factors of a.
5
Let n(i) = 347*i**2 - 3*i - 3. List the prime factors of n(-1).
347
Let k = 5 - 4. Let i be -12*1*(0 - k). Suppose 2*f - v - i = 0, -2*v + 3 = f - 3. List the prime factors of f.
2, 3
Let b(z) = -2*z - 3. What are the prime factors of b(-12)?
3, 7
Suppose 3*l - 538 + 172 = -4*q, 2*l + 4*q - 244 = 0. What are the prime factors of l?
2, 61
List the prime factors of -98*(1 - -2)/(-3).
2, 7
Let i(s) = -s**3 - 5*s**2 + 6*s + 2. Let l be i(-6). Suppose 0 = -2*q - 0*q - j - 21, j + 39 = -4*q. List the prime factors of (-110)/q + l/(-9).
2, 3
Suppose 0 = w - 5*y - 114 + 44, -4*w + 2*y + 334 = 0. What are the prime factors of w?
5, 17
Let d be (-1)/(-3) - 167/(-3). Suppose t + 0*t - 3*f - d = 0, -t = -f - 48. What are the prime factors of t?
2, 11
Let h be 1 + (-10)/(-2)*1. Let c be h/(-9)*(-27)/2. What are the prime factors of (0 - -2) + c + 1?
2, 3
Let y(w) = 19*w**2 - 4*w - 9. List the prime factors of y(-4).
311
Let f = -25 - -41. List the prime factors of f.
2
Let l(c) = -11*c**3 - 7*c**2 - 7*c + 3. What are the prime factors of l(-3)?
2, 3, 43
Let f(j) = j**3 - 8*j**2 + 7*j + 14. Let r be (-38)/(-6) + (-28)/(-42). List the prime factors of f(r).
2, 7
Suppose k = -3*t + 2*k - 74, -3*t - 71 = -4*k. Let y = t - -36. List the prime factors of y.
11
Suppose -87 = -5*x + 48. List the prime factors of x.
3
Let a(z) = z**2 - 1 - 3 + 0*z**2. Let o be 68/18 + 10/45. List the prime factors of a(o).
2, 3
Let h(o) = 3*o + 5. What are the prime factors of h(8)?
29
Let x = 12 + -34. List the prime factors of x/(-10) + (-5)/25.
2
Suppose 3*t = -3 + 9. Suppose 5 = t*m + 1. Let x = 5 + m. List the prime factors of x.
7
Let s(m) = 10 + 0*m + 2 - 7 + m**2 - 6*m. Let x be s(-7). What are the prime factors of x/54 - 2/(-9)?
2
Let d be 16/(-3)*(-135)/36. Let k = 29 - d. List the prime factors of k.
3
Let m(d) = 196*d**3 + 3*d - 3. List the prime factors of m(1).
2, 7
Let z = -4 + 9. List the prime factors of z.
5
Let f(n) = 2*n - 10. Let r be f(7). Suppose j = -d + 5*d - 36, -r*j - 40 = -3*d. What are the prime factors of d?
2
Let x(t) = t**2 - 5*t - 2. Let g be 1 - -2 - (1 + -3). Let c be x(g). List the prime factors of (9/(-6))/(c/12).
3
Let m(a) = -24*a**2 - a - 2. Let v be m(-2). Let p = 138 + v. What are the prime factors of ((-1)/3)/((-2)/p)?
7
Let w(k) = 26*k**2 - 16*k. Let t(j) = 2*j**2 + 3*j**2 - 5*j + 2*j. Let o(b) = 11*t(b) - 2*w(b). What are the prime factors of o(1)?
2
Let w be ((-6)/4)/((-3)/56). Suppose 4*i + w = 5*m, -14 = -5*i + 1. What are the prime factors of m?
2
Suppose 2*v - 20 = 44. What are the prime factors of v?
2
Suppose 0*u - 2*u + 10 = 0. Suppose -u*r + 2*d - 48 = -r, d - 44 = 4*r. Let v(b) = b**3 + 9*b**2 - 11*b - 1. List the prime factors of v(r).
3
Let a = 35 - 43. Let t be (-1 + -1 + 1)*-17. Let u = t + a. What are the prime factors of u?
3
Let j = 7 - 5. Suppose 5*w + 38 = 5*n - 117, 0 = -j*n + 4*w + 54. List the prime factors of n.
5, 7
Let o(w) = -4*w**2 + 2*w - 6. Let m(i) = i**2 - i - 1. Let j(a) = -3*m(a) - o(a). List the prime factors of j(-7).
3, 17
Let i = 44 + -11. Let t = i + -2. List the prime factors of t.
31
Let y = 19 - 13. Suppose 0*k + y = k. List the prime factors of k.
2, 3
Suppose 0 = 2*o - 3*n - 71, -2*o + 101 = -4*n + 25. What are the prime factors of o?
2, 7
Suppose -l + 5*l = 224. What are the prime factors of l?
2, 7
Let b(x) = -x**3 + 6*x**2 + 6*x - 5. Let f be b(6). Let q = f + -22. What are the prime factors of q?
3
Let a(w) = w + 23. What are the prime factors of a(11)?
2, 17
Let n(k) = 3*k**3 + k**2 + k + 1. Let p be n(-1). Let x = p + 6. Suppose -x = m - 13. What are the prime factors of m?
3
Let h = 199 - 127. List the prime factors of h.
2, 3
Let a(g) = -2*g**3 - 6*g**2 + 4. Let t be a(-4). Suppose 0 = 5*k - 159 - t. What are the prime factors of k?
3, 13
Suppose 0*g - 100 = -5*k + g, 2*g - 94 = -4*k. Suppose 0 = -3*h + 6*h + 36. Let q = h + k. What are the prime factors of q?
3
Suppose -2*w - 346 = -4*h, 0 = 3*h + w - 2*w - 260. What are the prime factors of h?
3, 29
Let l be 1 + -2 + 3 - -13. Let b = -10 + l. What are the prime factors of b?
5
Suppose 362 = -12*c + 3614. List the prime factors of c.
271
Suppose 5*b = 3*c, -5*b + 12 = 2*c - 13. What are the prime factors of b?
3
Let y = 1 + 3. Suppose 2*q - 3*n = 24, -2*n = -y*q - 4*n + 16. Suppose -2*u = -u - q. List the prime factors of u.
2, 3
Let h(d) = 8*d - 3. Let c(k) = k**3 + k + 2. Let j be c(0). What are the prime factors of h(j)?
13
Let p = -14 - -9. Let z = -1 - p. List the prime factors of 39/z - (-3)/12.
2, 5
Let x be (-3)/(-12) - 14/(-8). What are the prime factors of (3/(-1) + 11)/x?
2
Let c = -2 - 4. Let s(p) = 5*p - 5*p - 1 - 2*p + 0. List the prime factors of s(c).
11
Suppose -3*t = 3*u - 160 + 22, -5*t = -3*u - 222. List the prime factors of t.
3, 5
Suppose 8 + 4 = 3*i. Let c = i - -1. What are the prime factors of c?
5
Suppose -8 = -2*f + 6. Suppose f*m = 2*m - 10. What are the prime factors of 1/((-3)/72*m)?
2, 3
Let d = -7 - -1. Let s(u) = u + 8. Let o be s(d). Suppose 0*w + o*w - 20 = 0. What are the prime factors of w?
2, 5
Let n(w) = -51*w - 4. What are the prime factors of n(-1)?
47
Let j = 7 - 4. Suppose 3*z + 3 = -j*q, 3*q + 3*z = -2*z + 5. Let f = 7 + q. List the prime factors of f.
2
Suppose 0 = -3*t + 5*l - 2, -3*t = t - 4*l. Suppose b - 7 + t = 0. List